282 is divided by 204.
10
What is the remainder when 1656146 is divided by 15?
11
What is the remainder when 141063 is divided by 22?
21
Calculate the remainder when 4300 is divided by 717.
715
What is the remainder when 87427 is divided by 9713?
10
What is the remainder when 45597 is divided by 15197?
6
What is the remainder when 18239 is divided by 6077?
8
What is the remainder when 2281 is divided by 673?
262
Calculate the remainder when 9735 is divided by 202.
39
What is the remainder when 13443 is divided by 47?
1
Calculate the remainder when 13575 is divided by 522.
3
Calculate the remainder when 8381 is divided by 279.
11
Calculate the remainder when 229517 is divided by 38251.
11
What is the remainder when 1520 is divided by 9?
8
What is the remainder when 5958 is divided by 1185?
33
What is the remainder when 148444 is divided by 13?
10
Calculate the remainder when 4377 is divided by 1448.
33
Calculate the remainder when 77948 is divided by 112.
108
What is the remainder when 615150 is divided by 104?
94
What is the remainder when 28803 is divided by 9593?
24
Calculate the remainder when 32636 is divided by 170.
166
Calculate the remainder when 3406 is divided by 1702.
2
Calculate the remainder when 54456 is divided by 10.
6
What is the remainder when 741821 is divided by 27?
23
Calculate the remainder when 329 is divided by 15.
14
What is the remainder when 3239 is divided by 1022?
173
What is the remainder when 30474 is divided by 10?
4
Calculate the remainder when 1810 is divided by 3.
1
Calculate the remainder when 20747 is divided by 10360.
27
What is the remainder when 6144 is divided by 3062?
20
Calculate the remainder when 40928 is divided by 40925.
3
Calculate the remainder when 8763 is divided by 459.
42
Calculate the remainder when 21096 is divided by 528.
504
Calculate the remainder when 31327 is divided by 11.
10
What is the remainder when 48794 is divided by 343?
88
What is the remainder when 66472 is divided by 66463?
9
What is the remainder when 213510 is divided by 165?
0
What is the remainder when 22723 is divided by 107?
39
Calculate the remainder when 6363 is divided by 1059.
9
Calculate the remainder when 964 is divided by 42.
40
Calculate the remainder when 32521 is divided by 26.
21
What is the remainder when 5710 is divided by 17?
15
What is the remainder when 14416 is divided by 410?
66
What is the remainder when 1281 is divided by 108?
93
What is the remainder when 328139 is divided by 10?
9
Calculate the remainder when 1831 is divided by 49.
18
Calculate the remainder when 388682 is divided by 223.
216
Calculate the remainder when 1998 is divided by 64.
14
What is the remainder when 804 is divided by 200?
4
What is the remainder when 7660 is divided by 7657?
3
What is the remainder when 3771 is divided by 46?
45
Calculate the remainder when 130029 is divided by 344.
341
Calculate the remainder when 35195 is divided by 8797.
7
What is the remainder when 5133 is divided by 1280?
13
Calculate the remainder when 10183 is divided by 150.
133
Calculate the remainder when 183236 is divided by 36646.
6
What is the remainder when 532004 is divided by 43?
8
Calculate the remainder when 4464 is divided by 490.
54
What is the remainder when 1815000 is divided by 1174?
1170
Calculate the remainder when 4976 is divided by 1108.
544
What is the remainder when 9714 is divided by 335?
334
Calculate the remainder when 489919 is divided by 18.
13
Calculate the remainder when 59454 is divided by 274.
270
What is the remainder when 5894 is divided by 5881?
13
What is the remainder when 347 is divided by 17?
7
Calculate the remainder when 2139 is divided by 33.
27
Calculate the remainder when 1276697 is divided by 416.
409
What is the remainder when 2922 is divided by 244?
238
What is the remainder when 26757 is divided by 1029?
3
Calculate the remainder when 260 is divided by 12.
8
Calculate the remainder when 13587 is divided by 72.
51
What is the remainder when 250583 is divided by 2088?
23
Calculate the remainder when 10372 is divided by 91.
89
What is the remainder when 1650 is divided by 56?
26
Calculate the remainder when 1842680 is divided by 65.
60
What is the remainder when 11533 is divided by 364?
249
Calculate the remainder when 2937 is divided by 944.
105
Calculate the remainder when 69927 is divided by 556.
427
Calculate the remainder when 405753 is divided by 612.
609
Calculate the remainder when 122316 is divided by 755.
6
What is the remainder when 33949 is divided by 378?
307
Calculate the remainder when 512 is divided by 92.
52
What is the remainder when 5985 is divided by 403?
343
Calculate the remainder when 36547 is divided by 11.
5
What is the remainder when 13678 is divided by 1236?
82
What is the remainder when 5705 is divided by 497?
238
What is the remainder when 133114 is divided by 161?
128
Calculate the remainder when 2772 is divided by 830.
282
Calculate the remainder when 38393 is divided by 237.
236
What is the remainder when 150026 is divided by 56?
2
What is the remainder when 11666 is divided by 507?
5
What is the remainder when 7651 is divided by 956?
3
Calculate the remainder when 598481 is divided by 62.
57
What is the remainder when 14542 is divided by 2883?
127
What is the remainder when 104750 is divided by 26?
22
What is the remainder when 1768 is divided by 136?
0
What is the remainder when 906 is divided by 46?
32
What is the remainder when 10014 is divided by 23?
9
What is the remainder when 124869 is divided by 8324?
9
Calculate the remainder when 54736 is divided by 14.
10
Calculate the remainder when 784333 is divided by 94.
91
Calculate the remainder when 3618 is divided by 83.
49
What is the remainder when 351302 is divided by 27023?
3
Calculate the remainder when 1152 is divided by 117.
99
What is the remainder when 23671 is divided by 431?
397
What is the remainder when 18144 is divided by 378?
0
What is the remainder when 3045 is divided by 306?
291
What is the remainder when 580 is divided by 76?
48
Calculate the remainder when 860108 is divided by 215025.
8
Calculate the remainder when 5520 is divided by 48.
0
Calculate the remainder when 304154 is divided by 479.
468
Calculate the remainder when 212474 is divided by 117.
2
What is the remainder when 2235 is divided by 81?
48
Calculate the remainder when 76986 is divided by 140.
126
What is the remainder when 875 is divided by 26?
17
Calculate the remainder when 20441 is divided by 672.
281
Calculate the remainder when 3177 is divided by 53.
50
What is the remainder when 10044 is divided by 829?
96
What is the remainder when 7749 is divided by 2297?
858
What is the remainder when 52786 is divided by 34?
18
What is the remainder when 8070 is divided by 12?
6
What is the remainder when 470225 is divided by 4436?
9
Calculate the remainder when 1764425 is divided by 2181.
2177
What is the remainder when 6914 is divided by 490?
54
What is the remainder when 1810 is divided by 134?
68
What is the remainder when 39274 is divided by 479?
475
What is the remainder when 11175 is divided by 13?
8
What is the remainder when 83441 is divided by 91?
85
Calculate the remainder when 218512 is divided by 158.
156
What is the remainder when 102907 is divided by 6053?
6
What is the remainder when 837 is divided by 108?
81
What is the remainder when 41121 is divided by 891?
135
Calculate the remainder when 3566 is divided by 1177.
35
Calculate the remainder when 3988 is divided by 996.
4
What is the remainder when 24538 is divided by 19?
9
Calculate the remainder when 159883 is divided by 542.
535
Calculate the remainder when 1349 is divided by 169.
166
Calculate the remainder when 41590 is divided by 31.
19
What is the remainder when 170774 is divided by 56919?
17
Calculate the remainder when 9490 is divided by 2953.
631
What is the remainder when 10886 is divided by 254?
218
Calculate the remainder when 1033 is divided by 471.
91
Calculate the remainder when 499270 is divided by 293.
291
What is the remainder when 92917 is divided by 18579?
22
What is the remainder when 238559 is divided by 8?
7
What is the remainder when 174386 is divided by 4?
2
What is the remainder when 103440 is divided by 123?
120
What is the remainder when 19527 i